t - 74. Let g = t - -17. Suppose 0 = 37*o - g*o + 2. What is k(o)?
-13
Let l(a) = 12*a + 1415 - 4*a + a**3 - 9*a**2 - 1418. What is l(6)?
-63
Let w(p) = 7*p**3 - 12*p**2 - 7*p + 12. Let s(c) = c**3 - c. Let j(t) = 6*s(t) - w(t). Let f(x) = -x - 23. Let i be f(-35). What is j(i)?
0
Suppose -4*d - 3*n = -d - 45, n = -5*d + 87. Let k(s) = s**3 + 2*s + 0*s**3 + 4 - d + 12*s**2 - 2*s**3. Give k(12).
10
Let x(j) = j**3 + j**2 - 5. Let h(v) be the first derivative of v**4/4 + v**2/2 - 2*v - 101. Let k(n) = -2*h(n) + x(n). What is k(-3)?
41
Let n be (-70)/(-28)*6/5. Let m(x) = -1 + 3*x**2 + 0*x - 9*x + n*x**2 + 7*x. What is m(-1)?
7
Let k(o) = -9*o + 3. Suppose -176 = -21*m - 8. What is k(m)?
-69
Let o(l) be the first derivative of l**2/2 - 8*l + 3. Let b(m) = m - 9. Let c(p) = -2*b(p) + 3*o(p). Let x(a) = -3*a**2 + 48*a. Let n be x(16). Give c(n).
-6
Let a be ((-2)/4)/((-3 + 9)/(-36)). Let l(m) = -16*m**2 + 3*m - 10. Let k(s) = 17*s**2 - 2*s + 7. Let f(b) = a*k(b) + 2*l(b). Calculate f(-1).
20
Let d(r) be the second derivative of r**5/20 - 3*r**4/4 - r**3/6 + 104*r + 31. Give d(3).
-57
Let p(m) = m**3 - 13*m**2 + 13*m - 1. Let i(u) = -10*u**3 + 132*u**2 - 130*u + 7. Let d(z) = -2*i(z) - 21*p(z). Determine d(7).
14
Suppose -126*n + 33*n = 51*n + 720. Let b(m) = 16*m + 50. Determine b(n).
-30
Suppose 7 = g + 4. Suppose 0 = -g*v + 12 - 3. Let f(u) be the third derivative of -u**5/60 + u**4/24 + 5*u**2. Calculate f(v).
-6
Suppose 3004*b - 3015*b - 99 = 0. Let a(z) = z**3 - z**2 - z - 1. Let k(u) = -u**3 + 10*u**2 - 6*u + 11. Let x(h) = -2*a(h) - k(h). Give x(b).
0
Suppose -11*s + 6*s - 20 = 0. Let q be (31/124)/((-1)/4). Let i be (s - 5/5)*q. Let t(c) = c**3 - 6*c**2 + 2*c + 7. Determine t(i).
-8
Let m(y) be the first derivative of 2*y**3/3 + 12*y**2 + 14*y + 40. Let d(x) = x**2 + 13*x + 7. Let j(k) = -11*d(k) + 6*m(k). Determine j(0).
7
Let x(v) = -2*v**3 + 18*v**2 - 44*v + 27. Let l be x(4). Let p(i) = -i**2 + 6*i + 12. Calculate p(l).
-43
Suppose -40*q + 30 = -38*q + 3*o, 2*o = 5*q - 56. Let h(x) = 5*x - 44. What is h(q)?
16
Suppose 2*x - 3 = 9. Let s(k) = -1809979 + 10*k + 0*k + 1809971 - 2*k**2. Calculate s(x).
-20
Let v(a) = a**3 + 15*a**2 - 11*a. Let d(w) = 2*w**3 + 33*w**2 - 24*w + 1. Let j(l) = 4*d(l) - 9*v(l). What is j(-3)?
-5
Let s(z) = -z**2 + 4*z. Let n(q) = 4*q**2 - 13*q - 1. Let p(h) = 2*n(h) + 7*s(h). Let i be (11/4)/(1/(-32)). Let a be i/40 - (-1)/5. Determine p(a).
-2
Let a(b) = 2*b**3 - 50*b**2 - b + 20. Let x(k) = -k**3 + 22*k**2 - 10. Let r(c) = -2*a(c) - 5*x(c). Determine r(10).
30
Suppose -5*i + 1 = -3*d - 60, 42 = 4*i + d. Let p(g) = -4*g + 25. Determine p(i).
-19
Let w(d) = -d**2 - 5*d + 6. Let z(u) = -20*u + 5. Let q(r) = r**2 - 23*r + 6. Let a(v) = -6*q(v) + 7*z(v). Suppose -4*s - 2 = 2. Let j be a(s). Calculate w(j).
6
Let m(l) be the second derivative of -l**3/6 - 7*l**2 - 91*l. Let k be 2/((-2)/3)*(-13 - -16). Give m(k).
-5
Let i be (36/(-8))/(27/(-6)). Let q(m) = -16*m + 8. Determine q(i).
-8
Suppose 17*b = 220 + 1480. Suppose -25*c = -15*c - b. Let l(q) = q**3 - 11*q**2 + 9*q + 1. What is l(c)?
-9
Suppose -22*t = -29868 + 29780. Let b(z) be the first derivative of 2*z**3 - 8*z + 1/4*z**t - 19 + 0*z**2. Determine b(-6).
-8
Suppose 16 = -4*v, m + 24 = 4*v - 9*v. Let z be ((-26)/m)/((-26)/4 + 6). Let n = 14 + z. Let k(f) = -5*f**3 - 1. Calculate k(n).
-6
Suppose -89 = -2*f + 21. Let k = -45 + f. Let m(l) = -k - l + l**3 - 3 + l**2 + 2*l**2 - 4*l**2. Determine m(0).
-13
Let o(f) be the first derivative of f**6/360 + 7*f**5/120 + f**4/12 + 5*f**3 - 61. Let g(p) be the third derivative of o(p). Calculate g(-6).
-4
Let y(b) be the second derivative of 10 + 1/12*b**4 + 3*b - 11/6*b**3 + 11/2*b**2. Give y(9).
-7
Let v(a) = -a**2 - 9*a + 330. Let b be v(14). Let c(o) = o**2 - 19*o + 88. Calculate c(b).
0
Let m be ((5/(-2))/(-5))/(2480/224 + -11). Let k(o) = 3*o**2 - 4*o - 39. Give k(m).
80
Suppose 12*m - 23*m - 19*m - 360 = 0. Let r(l) = -13*l + 1 - 4 + 0*l**2 - l**2 - 7. Give r(m).
2
Let u(b) = -b**2 - 109*b + 2304. Let g be u(18). Let m(q) = q**2 - 19*q + 34. Give m(g).
16
Let i = 174 + -169. Let f(d) = d**2 - 22*d + 26. Let s be f(21). Let m(k) = -3*k**2 + 0*k**2 + s*k - 2*k**2 + 4*k**2. Calculate m(i).
0
Suppose 4*r = m + 180, -259 = -5*r + 5*m - 34. Suppose 2*u + u - r = 0. Let n(h) = h**2 + 4 + 28*h - 8*h - u*h. What is n(-4)?
0
Let j be (-42)/(-35)*30/(-4) + (-3)/(-1). Let g(v) = v**3 + 7*v**2 + 2*v - 16. Determine g(j).
8
Suppose 0 = -56*i - 42*i + 392. Let x(y) = -y**2 + 9*y - 16. Calculate x(i).
4
Let k(c) = c**2 - 5*c + 4. Let x = -259 - -262. Let h be (1 + -2)/(x - 143/44). Give k(h).
0
Suppose 3*u - 20*l + 15*l = -10, 3*u = 4*l - 5. Suppose -5*g - u*k = 5, 5*k = -6*g + 8*g + 9. Let z(n) = -6*n - 2. Give z(g).
10
Let x(i) = 25*i**3 + i**2 - 7*i + 4. Let s(k) = 14*k**3 - 5*k + 3. Let b(f) = 5*s(f) - 3*x(f). Give b(2).
-57
Let q(m) = m**2 - 8*m + 4. Let c(g) = -2*g**3 + 4*g**2 + 7*g + 4. Let w be c(4). Let d be 2 + (-4 - -6) + w. Let x be (d/8 + 3)*-12. Calculate q(x).
-8
Let x(g) = g**2 - g + 11. Let s(n) = -n + 3. Let o(v) = 6*s(v) - x(v). Determine o(-6).
1
Let g be 0 - -3*1/15 - (-732)/(-60). Let b(z) = z**3 + 12*z**2 + z + 6. Determine b(g).
-6
Let o(h) = 5*h**2 - h - 1. Suppose 5*m = -n + 25, -4*m - 3*n = 2*n - 20. Suppose -c + 5*w = 26, 11*c + m*w = 8*c + 22. Calculate o(c).
5
Let k(f) = f**3 - 11*f**2 - 11*f - 33. Let u be k(12). Let x be 3/u + 152/(-14). Let j(w) = -w - 12. Determine j(x).
-1
Let r = 11350 + -11346. Let p(i) = -29*i + 80. What is p(r)?
-36
Suppose d = -6 + 14. Let u be 6/((-1)/d*-4). Let v(h) = -8 - h + u - 7. What is v(6)?
-9
Let k(o) = -5*o**3 + 16*o**2 + 50*o - 7. Let x(i) = -2*i**3 + 8*i**2 + 20*i - 3. Let q(u) = -3*k(u) + 7*x(u). Calculate q(-9).
9
Let i(n) be the first derivative of -1/24*n**4 + 0*n + 18 + 0*n**3 + 17*n**2. Let f(v) be the second derivative of i(v). Give f(-4).
4
Let b(u) = -u**2 + 39*u - 137. Let c(i) = -49*i - 584. Let o be c(-12). Give b(o).
3
Let p(t) be the third derivative of -t**5/20 - 23*t**4/24 + 11*t**3/3 + 87*t**2 - t + 5. Determine p(-9).
-14
Let g be -9*(-3 + 4)/(-6)*(-3906)/(-837). Let s(x) = -x**2 + 8*x + 12. Give s(g).
19
Let q be (2 + (-36)/10)*75/(-30). Let k be ((-2)/q*0)/(6/3). Let h = k + 6. Let l(o) = -2*o + 9. Determine l(h).
-3
Suppose 68*u + 431 = 771. Let m(v) = v**2 - 20*v + 81. What is m(u)?
6
Let f(j) = 2*j - 53. Suppose h - 20 = -22, 0 = 3*m + 3*h - 57. Give f(m).
-11
Let r = -100 - -81. Let c(k) = -3*k**2 - 57*k + 2. Let t be c(r). Let j(i) be the second derivative of -i**3/3 - i**2 + i. What is j(t)?
-6
Let m(r) = 17*r + 47. Let g be 18 + 1 - 20 - (1 - -1). Determine m(g).
-4
Let u(p) = p**2 + 1. Let j(o) = o**3 - 3*o**2 + o. Let q(c) = j(c) - u(c). Let x = 1335 - 1331. Give q(x).
3
Let j(q) = 5*q**2 - 7*q - 2. Let f(k) = 2*k**2 - 2. Let r be ((-27)/(-6) + -3)*6/(-3). Let n(x) = r*f(x) + j(x). Give n(-7).
4
Let y(p) = 6 - 7*p - 3*p**2 + 2*p**2 + 4. Suppose -14*b = -5066 - 926. Let f = b + -436. Calculate y(f).
2
Let l(p) be the second derivative of -p**5/20 - 7*p**4/4 - 8*p**3/3 + 71*p**2/2 + 53*p. Let i be l(-20). Let v(t) = -t - 1. Calculate v(i).
8
Suppose -5*g = 10*h - 9*h - 31, -25 = -5*g. Let i(f) be the third derivative of -1/24*f**4 + 0*f - 1/2*f**3 + 0 + 2*f**2. What is i(h)?
-9
Suppose 0 = -g + 3, 5*y + 2*g - 15 = -3*g. Suppose -3*m = -5*w + 102 - 99, y = 3*w + m + 1. Let f(s) = -2*s + 9. Give f(w).
9
Let r(z) = -15*z - 54 - 12*z + 30 + 2*z**2 + 38. Determine r(14).
28
Suppose -489*c - 605 = 373. Let h(m) = -19*m**2 - 2*m - 3. Give h(c).
-75
Let c be (-2)/4*(-9 - -1). Suppose -u - 2 = c. Let k(x) = -3*x**3 + 131*x + 127 - 123 - 137*x - 7*x**2 + 2*x**3. What is k(u)?
4
Let u = -118 + 144. Let d = u - 23. Let a(b) = b + b + d - b - 6. Determine a(-5).
-8
Let v(a) = a**3. Let l(c) = 4*c**3 + c**2 - 2*c - 4. Let q(i) = l(i) - 3*v(i). Let s be (0 - -1)/(3280/(-8400) - (-4)/70). Determine q(s).
-16
Suppose -8*c + 12 + 20 = 0. Let k be c/(6/(-3)) - -3. Let i(x) = 18*x**2 + 1. Give i(k).
19
Suppose 0 = 11*a - 14*a. Suppose 11*u - 121 + 264 = a. Let h(s) = s**3 + 14*s**2 + 13*s - 5. Calculate h(u).
-5
Let k be -6*(-6 + -3) - 1. Let y(x) = -2*x**3 - 26*x**2 - 27*x + 20. Let w be y(-12). Let h = w - k. Let s(u) = -u**3 + 4*u**2 - 4*u - 1.